re the prime factors of 13532?
2, 17, 199
List the prime factors of 1000.
2, 5
List the prime factors of 28947.
3, 9649
What are the prime factors of 36938?
2, 11, 23, 73
What are the prime factors of 6771?
3, 37, 61
What are the prime factors of 172?
2, 43
What are the prime factors of 47312?
2, 2957
What are the prime factors of 27806?
2, 13903
List the prime factors of 307.
307
What are the prime factors of 125199?
3, 4637
What are the prime factors of 473?
11, 43
List the prime factors of 3233.
53, 61
What are the prime factors of 719?
719
List the prime factors of 67114.
2, 23, 1459
List the prime factors of 2137.
2137
What are the prime factors of 42441?
3, 7, 43, 47
List the prime factors of 168.
2, 3, 7
What are the prime factors of 74616?
2, 3, 3109
What are the prime factors of 185?
5, 37
What are the prime factors of 9103?
9103
List the prime factors of 784.
2, 7
List the prime factors of 3679.
13, 283
What are the prime factors of 9867?
3, 11, 13, 23
What are the prime factors of 5693?
5693
List the prime factors of 2611.
7, 373
What are the prime factors of 34?
2, 17
List the prime factors of 50004.
2, 3, 463
What are the prime factors of 8858?
2, 43, 103
List the prime factors of 61735.
5, 12347
What are the prime factors of 71?
71
List the prime factors of 11698.
2, 5849
List the prime factors of 11024.
2, 13, 53
What are the prime factors of 1893?
3, 631
What are the prime factors of 49591?
101, 491
List the prime factors of 34970.
2, 5, 13, 269
What are the prime factors of 1464?
2, 3, 61
List the prime factors of 36101.
13, 2777
List the prime factors of 49509.
3, 5501
What are the prime factors of 707?
7, 101
List the prime factors of 2386.
2, 1193
What are the prime factors of 74925?
3, 5, 37
List the prime factors of 3913.
7, 13, 43
List the prime factors of 5076.
2, 3, 47
What are the prime factors of 4858?
2, 7, 347
What are the prime factors of 12515?
5, 2503
What are the prime factors of 1210?
2, 5, 11
What are the prime factors of 42593?
191, 223
List the prime factors of 5970.
2, 3, 5, 199
What are the prime factors of 3689?
7, 17, 31
What are the prime factors of 2829?
3, 23, 41
List the prime factors of 170.
2, 5, 17
List the prime factors of 1106.
2, 7, 79
List the prime factors of 8468.
2, 29, 73
What are the prime factors of 15511?
15511
What are the prime factors of 28857?
3, 9619
List the prime factors of 7432.
2, 929
What are the prime factors of 995?
5, 199
List the prime factors of 28653.
3, 9551
List the prime factors of 19147.
41, 467
List the prime factors of 941.
941
What are the prime factors of 2683?
2683
List the prime factors of 1345.
5, 269
What are the prime factors of 1647?
3, 61
List the prime factors of 4887.
3, 181
List the prime factors of 127.
127
What are the prime factors of 1096?
2, 137
What are the prime factors of 7?
7
What are the prime factors of 1299?
3, 433
What are the prime factors of 6756?
2, 3, 563
List the prime factors of 5029.
47, 107
What are the prime factors of 949?
13, 73
What are the prime factors of 1685?
5, 337
List the prime factors of 1015.
5, 7, 29
What are the prime factors of 6376?
2, 797
List the prime factors of 19621.
7, 2803
List the prime factors of 20134.
2, 10067
What are the prime factors of 7405?
5, 1481
What are the prime factors of 1547?
7, 13, 17
List the prime factors of 19783.
73, 271
List the prime factors of 165639.
3, 55213
What are the prime factors of 173379?
3, 57793
What are the prime factors of 27054?
2, 3, 167
List the prime factors of 11137.
7, 37, 43
List the prime factors of 2832.
2, 3, 59
List the prime factors of 1164.
2, 3, 97
List the prime factors of 374.
2, 11, 17
List the prime factors of 41995.
5, 37, 227
What are the prime factors of 141393?
3, 7, 6733
What are the prime factors of 1472?
2, 23
List the prime factors of 670.
2, 5, 67
What are the prime factors of 3472?
2, 7, 31
What are the prime factors of 76234?
2, 47, 811
What are the prime factors of 16921?
16921
List the prime factors of 44469.
3, 61
What are the prime factors of 21858?
2, 3, 3643
What are the prime factors of 12304?
2, 769
List the prime factors of 12843.
3, 1427
List the prime factors of 21100.
2, 5, 211
What are the prime factors of 73048?
2, 23, 397
List the prime factors of 1623.
3, 541
List the prime factors of 19553.
19553
What are the prime factors of 2915?
5, 11, 53
What are the prime factors of 11613?
3, 7, 79
List the prime factors of 1026.
2, 3, 19
What are the prime factors of 1511?
1511
What are the prime factors of 874?
2, 19, 23
List the prime factors of 344.
2, 43
List the prime factors of 4076.
2, 1019
List the prime factors of 25430.
2, 5, 2543
What are the prime factors of 3275?
5, 131
List the prime factors of 506.
2, 11, 23
List the prime factors of 4710.
2, 3, 5, 157
List the prime factors of 169128.
2, 3, 29
List the prime factors of 453.
3, 151
List the prime factors of 3554.
2, 1777
List the prime factors of 49546.
2, 7, 3539
List the prime factors of 14573.
13, 19, 59
What are the prime factors of 4243?
4243
What are the prime factors of 1304?
2, 163
What are the prime factors of 92806?
2, 7, 947
List the prime factors of 911.
911
What are the prime factors of 60512?
2, 31, 61
What are the prime factors of 1640?
2, 5, 41
What are the prime factors of 27025?
5, 23, 47
What are the prime factors of 22603?
7, 3229
What are the prime factors of 9269?
13, 23, 31
List the prime factors of 4205.
5, 29
List the prime factors of 602.
2, 7, 43
List the prime factors of 587.
587
List the prime factors of 8918.
2, 7, 13
List the prime factors of 3119.
3119
List the prime factors of 10517.
13, 809
What are the prime factors of 15274?
2, 7, 1091
List the prime factors of 7120.
2, 5, 89
List the prime factors of 1259.
1259
List the prime factors of 2089.
2089
What are the prime factors of 11751?
3, 3917
What are the prime factors of 520?
2, 5, 13
List the prime factors of 13763.
13763
What are the prime factors of 16222?
2, 8111
List the prime factors of 17220.
2, 3, 5, 7, 41
What are the prime factors of 34440?
2, 3, 5, 7, 41
List the prime factors of 19483.
19483
What are the prime factors of 17457?
3, 11, 23
List the prime factors of 879.
3, 293
List the prime factors of 74713.
74713
What are the prime factors of 111383?
31, 3593
What are the prime factors of 2747?
41, 67
What are the prime factors of 1172?
2, 293
List the prime factors of 3197.
23, 139
List the prime factors of 5844.
2, 3, 487
What are the prime factors of 119512?
2, 14939
List the prime factors of 6892.
2, 1723
What are the prime factors of 2035?
5, 11, 37
List the prime factors of 1029.
3, 7
What are the prime factors of 92?
2, 23
List the prime factors of 4073.
4073
List the prime factors of 17872.
2, 1117
List the prime factors of 16590.
2, 3, 5, 7, 79
List the prime factors of 1886.
2, 23, 41
What are the prime factors of 45446?
2, 31, 733
List the prime factors of 8869.
7, 181
List the prime factors of 8898.
2, 3, 1483
List the prime factors of 131372.
2, 32843
What are the prime factors of 21783?
3, 53, 137
What are the prime factors of 17760?
2, 3, 5, 37
What are the prime factors of 7194?
2, 3, 11, 109
List the prime factors of 2213.
2213
What are the prime factors of 13707?
3, 1523
List the prime factors of 2637.
3, 293
List the prime factors of 10860.
2, 3, 5, 181
List the prime factors of 14467.
17, 23, 37
List the prime factors of 97308.
2, 3, 17, 53
List the prime factors of 64633.
64633
List the prime factors of 6371.
23, 277
What are the prime factors of 4084?
2, 1021
List the prime factors of 611.
13, 47
What are the prime factors of 7956?
2, 3, 13, 17
List the prime factors of 152997.
3, 13, 3923
What are the prime factors of 2520?
2, 3, 5, 7
What are the prime factors of 3137?
3137
What are the prime factors of 5857?
5857
What are the prime factors of 7926?
2, 3, 1321
What are the prime factors of 3619?
7, 11, 47
What are the prime factors of 91079?
91079
What are the prime factors of 9555?
3, 5, 7, 13
What are the prime factors of 917?
7, 131
List the prime factors of 2030.
2, 5, 7, 29
List the prime factors of 45776.
2, 2861
List the prime factors of 2129.
2129
What are the prime factors of 114843?
3, 38281
List the prime factors of 3942.
2, 3, 73
Wha